60723 (base 8) in base 11?
178a7
Convert 315 (base 15) to base 14.
379
-11991 (base 13) to base 11
-22382
What is 12c (base 15) in base 11?
223
Convert 1a46 (base 13) to base 2.
111101101001
-33311 (base 4) to base 8
-1765
What is 4581 (base 14) in base 10?
12069
Convert 31322 (base 5) to base 6.
13355
What is -14274 (base 9) in base 11?
-7324
Convert 173 (base 15) to base 6.
1313
Convert -5434 (base 16) to base 11.
-15217
Convert -5e84 (base 16) to base 15.
-7281
Convert -152 (base 13) to base 15.
-10b
What is -36c (base 14) in base 3?
-221100
2622 (base 8) to base 10
1426
Convert 448 (base 9) to base 4.
11300
What is 717 (base 13) in base 9?
1576
What is 4102 (base 6) in base 4?
32012
What is 100100111000011 (base 2) in base 13?
8797
Convert -111101 (base 4) to base 8.
-2521
21021000 (base 3) to base 11
3a81
Convert e13 (base 15) to base 4.
301200
-a73 (base 11) to base 10
-1290
Convert 6399 (base 15) to base 12.
10239
13818 (base 10) to base 2
11010111111010
Convert -3c7 (base 14) to base 7.
-2140
Convert 1ca7 (base 15) to base 3.
22112211
What is b03 (base 12) in base 5?
22322
What is -8005 (base 13) in base 5?
-1030311
Convert a03 (base 12) to base 4.
112203
Convert -112513 (base 7) to base 8.
-47265
What is -4085 (base 11) in base 13?
-2609
Convert -152 (base 9) to base 5.
-1003
Convert 1424 (base 9) to base 10.
1075
5226 (base 10) to base 13
24c0
Convert 26 (base 12) to base 5.
110
Convert 16520 (base 10) to base 12.
9688
Convert 200122 (base 3) to base 9.
618
-130 (base 14) to base 9
-284
-7076 (base 8) to base 4
-320332
1a (base 13) to base 11
21
-386 (base 15) to base 6
-3413
What is -1a5 (base 12) in base 5?
-2034
What is 22d0 (base 14) in base 6?
44022
What is 21230 (base 8) in base 4?
2022120
Convert -1101101 (base 2) to base 3.
-11001
Convert 388a (base 11) to base 3.
20221101
-1340 (base 10) to base 4
-110330
What is -46143 (base 7) in base 14?
-43ca
What is -3b00 (base 14) in base 4?
-2202110
Convert -72a (base 11) to base 3.
-1012120
What is -33414 (base 7) in base 10?
-8439
1422 (base 5) to base 3
22210
bb9 (base 12) to base 5
23400
-76447 (base 10) to base 16
-12a9f
13164 (base 7) to base 15
10a0
Convert -10d7 (base 15) to base 13.
-1822
-813 (base 9) to base 14
-352
Convert 11121 (base 4) to base 3.
110210
50ab (base 15) to base 14
62cc
What is -1263 (base 12) in base 3?
-2212110
1143 (base 14) to base 7
11513
Convert -30 (base 6) to base 4.
-102
Convert 100 (base 2) to base 5.
4
What is 1676 (base 8) in base 3?
1022111
Convert 32196 (base 12) to base 14.
1a04a
What is -52 (base 8) in base 14?
-30
What is 226 (base 11) in base 16?
10e
Convert -829 (base 15) to base 13.
-ab6
-296 (base 14) to base 4
-20030
24768 (base 9) to base 13
7781
3130210 (base 5) to base 7
304254
Convert 23303 (base 4) to base 2.
1011110011
Convert -900 (base 10) to base 2.
-1110000100
-1443 (base 10) to base 6
-10403
What is -346 (base 14) in base 8?
-1212
Convert 2362 (base 9) to base 8.
3335
100011100011 (base 2) to base 10
2275
Convert 1657 (base 8) to base 7.
2515
-11557 (base 10) to base 4
-2310211
-122b (base 12) to base 6
-13255
-12463 (base 11) to base 4
-10113000
Convert 7673 (base 11) to base 2.
10011110001011
What is -102342 (base 6) in base 4?
-2002112
What is -15464 (base 10) in base 6?
-155332
12464 (base 8) to base 13
2617
What is -100101100010010 (base 2) in base 13?
-8994
Convert -280 (base 16) to base 14.
-33a
2621 (base 7) to base 3
1100212
What is -113330 (base 4) in base 9?
-2082
2212200 (base 3) to base 8
4061
What is -8400 (base 12) in base 13?
-6729
Convert -514 (base 10) to base 15.
-244
Convert -5103 (base 6) to base 13.
-681
-3978 (base 14) to base 15
-2ed7
1051 (base 7) to base 5
3004
What is -13654 (base 9) in base 11?
-6a7a
b46 (base 13) to base 6
12513
Convert 373 (base 10) to base 4.
11311
213233 (base 4) to base 13
1208
-791 (base 14) to base 13
-8b4
What is 304234 (base 5) in base 11?
7520
681 (base 13) to base 2
10001011111
What is -110100010101 (base 2) in base 4?
-310111
Convert -30d (base 14) to base 2.
-1001011001
-101212102 (base 3) to base 8
-17362
What is -278a (base 13) in base 3?
-21210210
Convert 132421 (base 5) to base 14.
1d4d
-318 (base 10) to base 14
-18a
What is 75747 (base 8) in base 9?
47453
Convert -22a4 (base 13) to base 14.
-1ab8
Convert 12031230 (base 4) to base 9.
37820
Convert 1010111101010010 (base 2) to base 3.
2021120022
What is 2e7 (base 15) in base 16?
29b
225 (base 7) to base 12
99
Convert -21302230 (base 4) to base 5.
-2240413
-2235 (base 6) to base 14
-299
-71c (base 13) to base 8
-2270
What is 577 (base 8) in base 16?
17f
What is -101001101010000 (base 2) in base 8?
-51520
-71726 (base 8) to base 7
-152312
Convert 415 (base 9) to base 8.
522
-4120 (base 11) to base 16
-155b
d11c (base 16) to base 5
3203112
24407 (base 10) to base 16
5f57
Convert -10011001 (base 2) to base 11.
-12a
What is 31107 (base 8) in base 5?
402441
What is -149 (base 13) in base 14?
-126
-105053 (base 6) to base 8
-21271
1320 (base 11) to base 13
a20
Convert 21848 (base 9) to base 14.
542b
Convert 1210 (base 10) to base 6.
5334
What is 640 (base 12) in base 3?
1020210
What is 1b5 (base 13) in base 11?
269
-3154 (base 6) to base 14
-394
What is 178a (base 16) in base 2?
1011110001010
What is -1153 (base 6) in base 8?
-435
Convert -211 (base 3) to base 14.
-18
What is 111005 (base 6) in base 4?
2101031
2480 (base 10) to base 7
10142
-1010110111 (base 2) to base 13
-416
Convert 34001 (base 6) to base 7.
16600
What is -2100220 (base 3) in base 4?
-122331
What is 4b (base 15) in base 16?
47
What is -413201 (base 5) in base 14?
-4d1d
Convert -189 (base 12) to base 15.
-119
Convert 30200 (base 4) to base 5.
11200
Convert 225442 (base 6) to base 2.
100101111000010
Convert -1333300 (base 4) to base 5.
-230201
123202 (base 4) to base 2
11011100010
Convert 23141 (base 7) to base 9.
8085
Convert -10101001100100 (base 2) to base 6.
-122124
852 (base 10) to base 11
705
Convert 12359 (base 12) to base 10.
24693
What is 457 (base 8) in base 10?
303
-2d0 (base 15) to base 16
-285
Convert 2060 (base 9) to base 13.
8c4
Convert 431 (base 13) to base 9.
875
Convert 46b (base 15) to base 16.
3e9
-1835 (base 10) to base 3
-2111222
What is -515 (base 16) in base 3?
-1210012
Convert -824 (base 10) to base 9.
-1115
444 (base 12) to base 15
2bd
What is b18 (base 12) in base 16?
644
What is -3342 (base 5) in base 3?
-122111
What is -2214 (base 16) in base 14?
-3272
Convert 14405 (base 8) to base 9.
8706
What is -11303030 (base 4) in base 12?
-118b8
-989 (base 10) to base 15
-45e
What is -6038 (base 14) in base 8?
-40202
Convert -101111001111 (base 2) to base 10.
-3023
-2058 (base 10) to base 15
-923
111110111010 (base 2) to base 11
3030
What is 10c5 (base 16) in base 11?
3253
-a09f (base 16) to base 11
-28991
Convert -2188a (base 14) to base 9.
-133425
Convert -101210201 (base 3) to base 4.
-1323010
What is 134 (base 10) in base 16?
86
1622 (base 7) to base 16
28d
20636 (base 7) to base 10
5123
What is 4413 (base 8) in base 9?
3152
-17331 (base 8) to base 10
-7897
-177 (base 15) to base 6
-1321
What is 11020112 (base 3) in base 13?
153b
What is 1403 (base 8) in base 3?
1001120
What is 676 (base 11) in base 8?
1451
Convert -3541 (base 9) to base 16.
-a45
What is 2834 (base 15) in base 14?
31c3
1091 (base 14) to base 6
21143
What is -1112011202 (base 3) in base 4?
-13111001
What is 123001 (base 4) in base 10?
1729
Convert -a1a6 (base 11) to base 14.
-4d19
Convert 1132 (base 5) to base 4.
2213
What is 100111011011 (base 2) in base 12?
1563
1572 (base 11) to base 3
2202122
Convert -3202 (base 4) to base 2.
-11100010
What is 681 (base 14) in base 5?
20124
Convert -aa (base 13) to base 14.
-a0
Convert 2130 (base 7) to base 8.
1364
Convert d84 (base 16) to base 5.
102320
What is -101002 (base 3) in base 10?
-272
Convert 74364 (base 9) to base 3.
2111102011
What is 2522 (base 7) in base 3?
1022002
Convert 2403443 (base 5) to base 16.
acd8
Convert 10120021 (base 3) to base 15.
b84
What is -65 (base 14) in base 2?
-1011001
What is 132403 (base 7) in base 8?
60477
Convert -46493 (base 10) to base 7.
-252356
420324 (base 5) to base 2
11011000001111
Convert 232224 (base 6) to base 15.
5daa
What is -135c (base 14) in base 10?
-3414
Convert -1001011